
{"id":17,"date":"2017-12-21T13:11:00","date_gmt":"2017-12-21T13:11:00","guid":{"rendered":"http:\/\/www.hofmann-eventtechnik.de\/?page_id=17"},"modified":"2018-01-24T13:05:50","modified_gmt":"2018-01-24T13:05:50","slug":"unternehmen","status":"publish","type":"page","link":"https:\/\/www.hofmann-eventtechnik.de\/?page_id=17","title":{"rendered":"Unternehmen"},"content":{"rendered":"<h3><strong><span style=\"font-size: 18pt;\">\u00dcber uns<\/span><\/strong><\/h3>\n<p>Das Unternehmen HS Beschallung wurde im Jahr 2003 gegr\u00fcndet mit der Motivation, allen K\u00fcnstlern, die auf der B\u00fchne stehen, die n\u00f6tige Technik und unser Know How zur Verf\u00fcgung zu stellen.<\/p>\n<p><em><span style=\"font-size: 14pt;\">Inhaber:<\/span><\/em><\/p>\n<ul>\n<li>Christian Hofmann &#8211; Gesch\u00e4ftsf\u00fchrer, Meister f\u00fcr Veranstaltungstechnik<\/li>\n<\/ul>\n<p>&nbsp;<\/p>\n<p><em><span style=\"font-size: 14pt;\">Biografie:<\/span><\/em><\/p>\n<ul>\n<li>1999 Gr\u00fcndung des Unternehmens als Hofmann &amp; Schmutzler GbR unter dem Namen <strong>HS Beschallung<\/strong><\/li>\n<li>2003 Umwandlung der GbR in ein Einzelunternehmen,\u00a0Gr\u00fcndung der eigenen Veranstaltungstechnik Firma<\/li>\n<li>2008 Abschlu\u00df zum Meister Veranstaltungstechnik Bereich B\u00fchne\/Studio<\/li>\n<li>2018 Redesign des Firmenauftritts inkl. Logo, Webseite etc. &#8211; Namens\u00e4nderung zu <strong>Hofmann Eventtechnik<\/strong><\/li>\n<\/ul>\n<p>&nbsp;<\/p>\n<p><em><span style=\"font-size: 14pt;\">unser Know How:<\/span><\/em><\/p>\n<ul>\n<li>umfangreiche Erfahrungen im Umgang mit analogen und digitalen Mischpulten<\/li>\n<li>hohe Kompetenz im Bereich Tontechnik (FOH und Monitor), Planung und Realisierung von Konzepten zur Beschallung von Szenenfl\u00e4chen, live oder als Festinstallation<\/li>\n<li>PA-Systemdesign und Einrichtung<\/li>\n<li>Umsetzung von B\u00fchnen- und Beleuchtungskonzepten nach Kundenwunsch<\/li>\n<li>Realisierung von Video\u00fcbertragungssystemen und Live-Video Installationen f\u00fcr Tagungen, Sportevents, Bandveranstaltungen, Festivals etc.<\/li>\n<\/ul>\n<p>&nbsp;<\/p>\n","protected":false},"excerpt":{"rendered":"<p>\u00dcber uns Das Unternehmen HS Beschallung wurde im Jahr 2003 gegr\u00fcndet mit der Motivation, allen K\u00fcnstlern, die auf der B\u00fchne stehen, die n\u00f6tige Technik und unser Know How zur Verf\u00fcgung zu stellen. Inhaber: Christian Hofmann &#8211; Gesch\u00e4ftsf\u00fchrer, Meister f\u00fcr Veranstaltungstechnik &nbsp; Biografie: 1999 Gr\u00fcndung des Unternehmens als Hofmann &amp; Schmutzler GbR unter dem Namen HS [&hellip;]<\/p>\n","protected":false},"author":2,"featured_media":0,"parent":0,"menu_order":0,"comment_status":"closed","ping_status":"closed","template":"","meta":{"_acf_changed":false,"h5ap_radio_sources":[],"footnotes":""},"class_list":["post-17","page","type-page","status-publish","hentry"],"acf":[],"_links":{"self":[{"href":"https:\/\/www.hofmann-eventtechnik.de\/index.php?rest_route=\/wp\/v2\/pages\/17","targetHints":{"allow":["GET"]}}],"collection":[{"href":"https:\/\/www.hofmann-eventtechnik.de\/index.php?rest_route=\/wp\/v2\/pages"}],"about":[{"href":"https:\/\/www.hofmann-eventtechnik.de\/index.php?rest_route=\/wp\/v2\/types\/page"}],"author":[{"embeddable":true,"href":"https:\/\/www.hofmann-eventtechnik.de\/index.php?rest_route=\/wp\/v2\/users\/2"}],"replies":[{"embeddable":true,"href":"https:\/\/www.hofmann-eventtechnik.de\/index.php?rest_route=%2Fwp%2Fv2%2Fcomments&post=17"}],"version-history":[{"count":8,"href":"https:\/\/www.hofmann-eventtechnik.de\/index.php?rest_route=\/wp\/v2\/pages\/17\/revisions"}],"predecessor-version":[{"id":115,"href":"https:\/\/www.hofmann-eventtechnik.de\/index.php?rest_route=\/wp\/v2\/pages\/17\/revisions\/115"}],"wp:attachment":[{"href":"https:\/\/www.hofmann-eventtechnik.de\/index.php?rest_route=%2Fwp%2Fv2%2Fmedia&parent=17"}],"curies":[{"name":"wp","href":"https:\/\/api.w.org\/{rel}","templated":true}]}}